rs of 11753?
7, 23, 73
List the prime factors of 267.
3, 89
List the prime factors of 77357.
7, 43, 257
What are the prime factors of 139375?
5, 223
What are the prime factors of 3292?
2, 823
List the prime factors of 494.
2, 13, 19
What are the prime factors of 136377?
3, 5051
List the prime factors of 1120.
2, 5, 7
What are the prime factors of 54358?
2, 27179
What are the prime factors of 9736?
2, 1217
List the prime factors of 22789.
13, 1753
What are the prime factors of 47882?
2, 89, 269
What are the prime factors of 189?
3, 7
What are the prime factors of 1665?
3, 5, 37
What are the prime factors of 2854?
2, 1427
What are the prime factors of 26233?
37, 709
List the prime factors of 21596.
2, 5399
What are the prime factors of 957?
3, 11, 29
List the prime factors of 80952.
2, 3, 3373
List the prime factors of 51040.
2, 5, 11, 29
List the prime factors of 113029.
7, 67, 241
List the prime factors of 5353.
53, 101
What are the prime factors of 4852?
2, 1213
List the prime factors of 10867.
10867
List the prime factors of 4196.
2, 1049
List the prime factors of 7707.
3, 7, 367
List the prime factors of 19353.
3, 6451
What are the prime factors of 523?
523
What are the prime factors of 165592?
2, 7, 2957
What are the prime factors of 3352?
2, 419
List the prime factors of 886.
2, 443
What are the prime factors of 39095?
5, 7, 1117
What are the prime factors of 3480?
2, 3, 5, 29
List the prime factors of 1372.
2, 7
What are the prime factors of 118756?
2, 11, 2699
List the prime factors of 8723.
11, 13, 61
What are the prime factors of 5093?
11, 463
What are the prime factors of 84795?
3, 5, 5653
What are the prime factors of 291?
3, 97
List the prime factors of 4136.
2, 11, 47
List the prime factors of 40912.
2, 2557
List the prime factors of 13117.
13, 1009
What are the prime factors of 4194?
2, 3, 233
What are the prime factors of 194?
2, 97
What are the prime factors of 2310?
2, 3, 5, 7, 11
What are the prime factors of 32757?
3, 61, 179
What are the prime factors of 1101?
3, 367
List the prime factors of 4538.
2, 2269
List the prime factors of 1422.
2, 3, 79
List the prime factors of 4224.
2, 3, 11
What are the prime factors of 7233?
3, 2411
What are the prime factors of 940?
2, 5, 47
List the prime factors of 43653.
3, 14551
What are the prime factors of 78?
2, 3, 13
List the prime factors of 5865.
3, 5, 17, 23
List the prime factors of 10087.
7, 11, 131
List the prime factors of 90.
2, 3, 5
List the prime factors of 12352.
2, 193
List the prime factors of 12281.
12281
What are the prime factors of 5324?
2, 11
What are the prime factors of 3057?
3, 1019
List the prime factors of 49626.
2, 3, 919
What are the prime factors of 1863?
3, 23
List the prime factors of 40891.
103, 397
What are the prime factors of 17398?
2, 8699
What are the prime factors of 92757?
3, 7, 631
What are the prime factors of 36419?
79, 461
List the prime factors of 18382.
2, 7, 13, 101
What are the prime factors of 895?
5, 179
List the prime factors of 138658.
2, 13, 5333
What are the prime factors of 39010?
2, 5, 47, 83
What are the prime factors of 1814?
2, 907
What are the prime factors of 3340?
2, 5, 167
List the prime factors of 28039.
11, 2549
What are the prime factors of 130?
2, 5, 13
What are the prime factors of 3399?
3, 11, 103
List the prime factors of 1512.
2, 3, 7
What are the prime factors of 15128?
2, 31, 61
What are the prime factors of 72919?
7, 11, 947
List the prime factors of 4690.
2, 5, 7, 67
What are the prime factors of 1705?
5, 11, 31
What are the prime factors of 1278?
2, 3, 71
List the prime factors of 15536.
2, 971
List the prime factors of 598.
2, 13, 23
List the prime factors of 21831.
3, 19, 383
List the prime factors of 639.
3, 71
What are the prime factors of 20498?
2, 37, 277
List the prime factors of 3182.
2, 37, 43
What are the prime factors of 3293?
37, 89
What are the prime factors of 697?
17, 41
List the prime factors of 59.
59
What are the prime factors of 3327?
3, 1109
What are the prime factors of 39073?
41, 953
List the prime factors of 1357.
23, 59
List the prime factors of 941.
941
List the prime factors of 7954.
2, 41, 97
List the prime factors of 3452.
2, 863
What are the prime factors of 1616?
2, 101
List the prime factors of 49.
7
List the prime factors of 8715.
3, 5, 7, 83
List the prime factors of 145.
5, 29
What are the prime factors of 927?
3, 103
List the prime factors of 227.
227
What are the prime factors of 3926?
2, 13, 151
List the prime factors of 1219.
23, 53
What are the prime factors of 137615?
5, 17, 1619
What are the prime factors of 5408?
2, 13
What are the prime factors of 6968?
2, 13, 67
What are the prime factors of 5770?
2, 5, 577
List the prime factors of 9473.
9473
What are the prime factors of 1324?
2, 331
What are the prime factors of 9029?
9029
List the prime factors of 11334.
2, 3, 1889
List the prime factors of 11958.
2, 3, 1993
List the prime factors of 1250.
2, 5
What are the prime factors of 1602?
2, 3, 89
What are the prime factors of 3319?
3319
List the prime factors of 198893.
103, 1931
What are the prime factors of 22920?
2, 3, 5, 191
What are the prime factors of 4102?
2, 7, 293
List the prime factors of 1419.
3, 11, 43
List the prime factors of 353.
353
What are the prime factors of 711?
3, 79
What are the prime factors of 9728?
2, 19
What are the prime factors of 25167?
3, 8389
What are the prime factors of 2624?
2, 41
What are the prime factors of 23566?
2, 11783
List the prime factors of 2669.
17, 157
List the prime factors of 3390.
2, 3, 5, 113
What are the prime factors of 1795?
5, 359
What are the prime factors of 2252?
2, 563
List the prime factors of 61058.
2, 30529
What are the prime factors of 165?
3, 5, 11
List the prime factors of 1596.
2, 3, 7, 19
What are the prime factors of 436?
2, 109
List the prime factors of 229.
229
What are the prime factors of 6366?
2, 3, 1061
What are the prime factors of 26110?
2, 5, 7, 373
What are the prime factors of 8002?
2, 4001
List the prime factors of 1218.
2, 3, 7, 29
What are the prime factors of 12144?
2, 3, 11, 23
What are the prime factors of 25091?
11, 2281
What are the prime factors of 10603?
23, 461
List the prime factors of 584.
2, 73
List the prime factors of 1603.
7, 229
What are the prime factors of 6161?
61, 101
What are the prime factors of 1484?
2, 7, 53
List the prime factors of 36239.
7, 31, 167
List the prime factors of 3013.
23, 131
What are the prime factors of 2370?
2, 3, 5, 79
List the prime factors of 1434.
2, 3, 239
List the prime factors of 10064.
2, 17, 37
What are the prime factors of 121858?
2, 11, 29, 191
List the prime factors of 1060.
2, 5, 53
What are the prime factors of 63?
3, 7
What are the prime factors of 1312?
2, 41
What are the prime factors of 80432?
2, 11, 457
What are the prime factors of 2037?
3, 7, 97
What are the prime factors of 122?
2, 61
What are the prime factors of 7410?
2, 3, 5, 13, 19
List the prime factors of 3923.
3923
What are the prime factors of 28512?
2, 3, 11
List the prime factors of 61712.
2, 7, 19, 29
What are the prime factors of 3333?
3, 11, 101
What are the prime factors of 21891?
3, 7297
List the prime factors of 549.
3, 61
List the prime factors of 34217.
34217
List the prime factors of 28057.
28057
What are the prime factors of 27605?
5, 5521
What are the prime factors of 1791?
3, 199
List the prime factors of 1923.
3, 641
List the prime factors of 8374.
2, 53, 79
List the prime factors of 234.
2, 3, 13
What are the prime factors of 22?
2, 11
List the prime factors of 132993.
3, 7, 2111
What are the prime factors of 7140?
2, 3, 5, 7, 17
List the prime factors of 69772.
2, 17443
List the prime factors of 49816.
2, 13, 479
List the prime factors of 13080.
2, 3, 5, 109
List the prime factors of 140945.
5, 7, 4027
List the prime factors of 31255.
5, 7, 19, 47
List the prime factors of 138267.
3, 569
What are the prime factors of 14552?
2, 17, 107
List the prime factors of 1046.
2, 523
List the prime factors of 89793.
3, 11, 907
List the prime factors of 59439.
3, 19813
What are the prime factors of 44277?
3, 14759
What are the prime factors of 8990?
2, 5, 29, 31
List the prime factors of 2274.
2, 3, 379
List the prime factors of 91541.
91541
What are the prime fa